alculate the greatest common divisor of 1666662 and 210222.
1374
Calculate the highest common factor of 840 and 4661720.
280
Calculate the highest common factor of 476354 and 2888052.
2494
Calculate the greatest common factor of 1799442158 and 1577.
1577
What is the highest common divisor of 22946 and 252483?
77
What is the greatest common factor of 21970 and 845290?
10
Calculate the highest common factor of 2140 and 15846807.
107
Calculate the highest common divisor of 209841351 and 38801.
5543
What is the greatest common factor of 225722 and 266?
14
What is the highest common divisor of 27 and 61236918?
27
What is the greatest common factor of 29864245 and 5975?
1195
Calculate the greatest common factor of 1377 and 26602722.
459
Calculate the highest common divisor of 342 and 1576740.
6
Calculate the greatest common divisor of 468 and 7423221.
39
Calculate the greatest common factor of 13558630 and 10.
10
Calculate the greatest common factor of 4731823 and 785.
157
Calculate the greatest common factor of 4824 and 18277344.
72
What is the highest common factor of 240644496 and 6?
6
What is the greatest common divisor of 5985159 and 19897?
101
Calculate the highest common divisor of 6 and 28313640.
6
What is the greatest common divisor of 738 and 17987274?
738
What is the greatest common factor of 1893242 and 182?
26
What is the greatest common factor of 38902 and 4346?
106
Calculate the greatest common divisor of 180476268 and 6.
6
What is the highest common factor of 55 and 2709654640?
55
Calculate the highest common divisor of 1867835 and 35.
5
Calculate the highest common divisor of 31545 and 1375155.
45
Calculate the highest common factor of 36278 and 50966.
34
Calculate the greatest common factor of 12485083 and 117.
13
Calculate the greatest common factor of 114744415 and 1765.
1765
Calculate the greatest common factor of 2081449 and 64459.
73
Calculate the greatest common factor of 1108588 and 52.
52
Calculate the greatest common factor of 64944556 and 36891.
4099
Calculate the highest common factor of 4399290 and 6390.
90
Calculate the greatest common divisor of 1477 and 2604518.
7
What is the greatest common factor of 10329 and 3329381?
3443
What is the greatest common factor of 585 and 4761783?
117
Calculate the highest common divisor of 784 and 5356484.
196
Calculate the greatest common divisor of 79973404 and 4585.
917
What is the greatest common divisor of 832775 and 19325?
25
What is the greatest common divisor of 817133 and 377?
29
What is the greatest common factor of 87 and 8860851777?
87
Calculate the greatest common divisor of 93104 and 372592.
176
Calculate the greatest common divisor of 13433490 and 6300.
630
Calculate the highest common divisor of 2636 and 914033.
659
What is the greatest common factor of 3599875 and 12077?
929
What is the greatest common factor of 36593415 and 6046?
3023
What is the highest common divisor of 40692260 and 2100?
140
Calculate the greatest common factor of 749250 and 2106.
162
What is the highest common divisor of 214056 and 394418?
1982
What is the greatest common factor of 520 and 213986760?
520
What is the highest common divisor of 14685 and 153552234?
2937
What is the highest common divisor of 16192012 and 618?
206
Calculate the greatest common divisor of 2561780 and 9440.
1180
Calculate the greatest common factor of 174 and 3639786.
6
Calculate the greatest common factor of 2599753 and 104.
13
Calculate the greatest common divisor of 6234 and 470103862.
2078
Calculate the greatest common divisor of 6862 and 4211881.
73
Calculate the highest common divisor of 414 and 44787026.
46
What is the greatest common divisor of 2394 and 104319747?
1197
Calculate the highest common divisor of 5654 and 164934.
22
Calculate the highest common factor of 1409 and 36083081.
1409
Calculate the greatest common factor of 908222 and 1218.
406
Calculate the highest common divisor of 4065 and 578415.
15
What is the highest common factor of 299437968 and 144?
48
What is the greatest common divisor of 7 and 2093609539?
7
Calculate the greatest common factor of 7491974 and 371.
371
Calculate the highest common factor of 21275 and 89120.
5
What is the highest common divisor of 161200 and 156650?
650
Calculate the greatest common divisor of 4560 and 3777690.
30
What is the greatest common divisor of 309060 and 956250?
1530
Calculate the highest common factor of 756442 and 567638.
1226
What is the highest common factor of 9107568 and 720?
144
Calculate the greatest common factor of 779893096 and 16.
8
What is the greatest common factor of 9910 and 18590?
10
Calculate the highest common divisor of 18 and 325277982.
18
Calculate the greatest common divisor of 2016 and 8320464.
144
Calculate the highest common divisor of 733649 and 323183.
2359
What is the greatest common factor of 348 and 127394796?
348
Calculate the highest common divisor of 5284 and 193551599.
1321
What is the greatest common divisor of 17248 and 3016244?
2156
Calculate the greatest common divisor of 9394 and 3199084.
854
Calculate the greatest common factor of 922477 and 55169.
1283
What is the greatest common factor of 3880962 and 6?
6
Calculate the greatest common divisor of 14131497 and 1236.
309
What is the greatest common divisor of 23744 and 834326?
106
Calculate the greatest common divisor of 1796554292 and 10933.
10933
What is the greatest common factor of 5064 and 1702137?
633
What is the highest common divisor of 555296 and 9632?
224
Calculate the highest common divisor of 48485 and 433320142.
9697
What is the highest common divisor of 156 and 214739668?
52
Calculate the highest common factor of 3008 and 8582408.
8
Calculate the greatest common divisor of 1356 and 88848171.
339
What is the greatest common factor of 109374544 and 464?
464
What is the highest common divisor of 2859300 and 14100?
300
What is the greatest common factor of 11237 and 4017967?
17
Calculate the greatest common divisor of 358913 and 147431.
379
What is the highest common factor of 6930 and 151935?
105
Calculate the greatest common factor of 8840 and 9502480.
520
Calculate the highest common divisor of 79 and 55440383.
79
What is the greatest common divisor of 1427 and 65475?
1
Calculate the highest common factor of 161468220 and 1884.
1884
Calculate the greatest common divisor of 557346 and 12768.
114
What is the greatest common divisor of 6885200 and 16800?
2800
What is the highest common factor of 100209655 and 10220?
2555
What is the greatest common factor of 27990 and 43963893?
2799
What is the greatest common divisor of 547822 and 1209604?
814
What is the greatest common factor of 6152348 and 28?
4
What is the highest common factor of 6665548 and 804?
4
Calculate the highest common divisor of 3892008 and 28527.
771
Calculate the greatest common factor of 38027 and 2288.
11
Calculate the greatest common divisor of 62384 and 7373566.
1114
Calculate the highest common divisor of 33 and 17167799.
11
What is the greatest common factor of 1055 and 2498354995?
1055
What is the highest common factor of 61240048 and 2512?
2512
Calculate the highest common factor of 4214371 and 133.
133
Calculate the highest common factor of 3432 and 13751232.
264
What is the greatest common factor of 86 and 6720599?
43
What is the greatest common divisor of 212553 and 92321?
2147
What is the greatest common factor of 14412532 and 1020?
68
Calculate the greatest common divisor of 89028 and 29628.
36
What is the greatest common factor of 364 and 9438940?
28
Calculate the highest common divisor of 1161202245 and 490.
245
Calculate the greatest common divisor of 1258110 and 156030.
210
What is the highest common factor of 40 and 90060970?
10
Calculate the highest common divisor of 29486949 and 516.
129
Calculate the highest common divisor of 3051162 and 108.
54
What is the greatest common factor of 84 and 27397916?
28
Calculate the highest common factor of 444 and 1035384172.
148
Calculate the highest common divisor of 733480 and 5560.
40
What is the greatest common divisor of 114699 and 1862691?
519
Calculate the highest common factor of 89769889 and 209.
209
What is the highest common factor of 656 and 534872?
8
What is the highest common divisor of 266063 and 1674386?
1393
Calc